{"id":93,"date":"2020-04-15T10:02:45","date_gmt":"2020-04-15T10:02:45","guid":{"rendered":"https:\/\/bozobutor.hu\/?page_id=93"},"modified":"2020-05-20T08:10:43","modified_gmt":"2020-05-20T08:10:43","slug":"rolunk","status":"publish","type":"page","link":"https:\/\/bozobutor.hu\/?page_id=93","title":{"rendered":"R\u00f3lunk"},"content":{"rendered":"<div class=\"wpb-content-wrapper\"><p>[vc_row][vc_column width=&#8221;1\/2&#8243;][vc_column_text]<\/p>\n<h1>Boz\u00f3 Istv\u00e1n<\/h1>\n<p style=\"font-size: 1.1em;text-align: justify;\">\u00e9vtizedek \u00f3ta foglalkozik egyedi b\u00fatorok gy\u00e1rt\u00e1s\u00e1val. G\u00e9p\u00e9sz \u00e9s asztalos v\u00e9gzetts\u00e9ge \u00e9s tapasztalata minden b\u00fator tervben, illetve elk\u00e9sz\u00fclt megold\u00e1sban jelen van. A b\u00fatorok t\u00fckr\u00f6zik a leend\u0151 tulajdonos \u00e1lmait, harmonikusan illeszkednek k\u00f6rnyezet\u00fckbe, annak k\u00fcl\u00f6nleges \u00e9rt\u00e9k\u00e9t is hordozva. M\u0171szaki megold\u00e1sai teljes k\u00f6r\u0171ek \u00e9s magas sz\u00ednvonal\u00faak. A mester tud\u00e1sa minden esetben ott \u00e1ll a megval\u00f3s\u00edtott konyha \u00e9s m\u00e1s b\u00fator alkot\u00e1sok m\u00f6g\u00f6tt.<\/p>\n<p>&nbsp;[\/vc_column_text][\/vc_column][vc_column width=&#8221;1\/2&#8243;][vc_single_image image=&#8221;355&#8243; img_size=&#8221;large&#8221;][\/vc_column][\/vc_row][vc_row][vc_column][vc_column_text]<\/p>\n<h1>Tev\u00e9kenys\u00e9geink<\/h1>\n<p>&nbsp;<\/p>\n<p style=\"font-size: 1.1em;\">T\u00f6bb \u00e9vtizedes m\u0171k\u00f6d\u00e9si tapasztalatunkra \u00e9p\u00edtett konyhab\u00fator k\u00e9sz\u00edt\u0151 tev\u00e9kenys\u00e9g\u00fcnk saj\u00e1t gy\u00e1rt\u00f3 kapacit\u00e1sunkra \u00e9p\u00fcl. F\u0151 profilunk egyedi konyhab\u00fatorok k\u00e9sz\u00edt\u00e9se, azonban minden b\u00fatork\u00e9sz\u00edt\u00e9ssel kapcsolatos ig\u00e9ny\u00e9t ki tudjuk el\u00e9g\u00edteni.<\/p>\n<p style=\"text-align: center; font-size: 1.1em;\">Amit \u00d6n meg\u00e1lmodott, mi megval\u00f3s\u00edtjuk!<\/p>\n<p style=\"font-size: 1.1em;\">Sz\u00e9les spektrumban gy\u00e1rtott \u00e9s szerelt b\u00fatorlapok, akril, festett \u00e9s faajt\u00f3-, PVC-, PET frontok felhaszn\u00e1l\u00e1s\u00e1val k\u00e9sz\u00edtj\u00fck el \u00e1lmai b\u00fator\u00e1t. B\u00fatorokon k\u00edv\u00fcl be\u00e9p\u00edtett szekr\u00e9ny\u00e9t, irodab\u00fator\u00e1t, \u00fczletberendez\u00e9s\u00e9t, egyedi elk\u00e9pzel\u00e9seit is megval\u00f3s\u00edtjuk garanci\u00e1val. Konyh\u00e1ja kialak\u00edt\u00e1s\u00e1val kapcsolatban m\u00e1r a tervez\u00e9sn\u00e9l seg\u00edt\u00fcnk, v\u00edz- \u00e9s villanyszerel\u00e9si, valamint m\u00e1s g\u00e9p\u00e9szeti tan\u00e1csokkal szolg\u00e1lunk, s\u0151t konyhai g\u00e9pei beszerz\u00e9s\u00e9n\u00e9l is seg\u00edt\u00fcnk \u00d6nnek.<\/p>\n<p>[\/vc_column_text][vc_row_inner][vc_column_inner width=&#8221;1\/3&#8243;][vc_single_image image=&#8221;353&#8243; img_size=&#8221;large&#8221; onclick=&#8221;link_image&#8221;][\/vc_column_inner][vc_column_inner width=&#8221;1\/3&#8243;][vc_single_image image=&#8221;348&#8243; img_size=&#8221;large&#8221; onclick=&#8221;link_image&#8221;][\/vc_column_inner][vc_column_inner width=&#8221;1\/3&#8243;][vc_single_image image=&#8221;350&#8243; img_size=&#8221;large&#8221; onclick=&#8221;link_image&#8221;][\/vc_column_inner][\/vc_row_inner][\/vc_column][\/vc_row]<\/p>\n<!-- \/wp:post-content --><\/div>","protected":false},"excerpt":{"rendered":"<p>[vc_row][vc_column width=&#8221;1\/2&#8243;][vc_column_text] Boz\u00f3 Istv\u00e1n \u00e9vtizedek \u00f3ta foglalkozik egyedi b\u00fatorok gy\u00e1rt\u00e1s\u00e1val. G\u00e9p\u00e9sz \u00e9s asztalos v\u00e9gzetts\u00e9ge \u00e9s tapasztalata minden b\u00fator tervben, illetve [&hellip;]<\/p>\n","protected":false},"author":1,"featured_media":0,"parent":0,"menu_order":0,"comment_status":"closed","ping_status":"closed","template":"","meta":{"footnotes":""},"class_list":["post-93","page","type-page","status-publish","hentry"],"_links":{"self":[{"href":"https:\/\/bozobutor.hu\/index.php?rest_route=\/wp\/v2\/pages\/93","targetHints":{"allow":["GET"]}}],"collection":[{"href":"https:\/\/bozobutor.hu\/index.php?rest_route=\/wp\/v2\/pages"}],"about":[{"href":"https:\/\/bozobutor.hu\/index.php?rest_route=\/wp\/v2\/types\/page"}],"author":[{"embeddable":true,"href":"https:\/\/bozobutor.hu\/index.php?rest_route=\/wp\/v2\/users\/1"}],"replies":[{"embeddable":true,"href":"https:\/\/bozobutor.hu\/index.php?rest_route=%2Fwp%2Fv2%2Fcomments&post=93"}],"version-history":[{"count":8,"href":"https:\/\/bozobutor.hu\/index.php?rest_route=\/wp\/v2\/pages\/93\/revisions"}],"predecessor-version":[{"id":360,"href":"https:\/\/bozobutor.hu\/index.php?rest_route=\/wp\/v2\/pages\/93\/revisions\/360"}],"wp:attachment":[{"href":"https:\/\/bozobutor.hu\/index.php?rest_route=%2Fwp%2Fv2%2Fmedia&parent=93"}],"curies":[{"name":"wp","href":"https:\/\/api.w.org\/{rel}","templated":true}]}}